{"id":3273,"date":"2024-07-03T21:51:53","date_gmt":"2024-07-03T19:51:53","guid":{"rendered":"https:\/\/jedlicze.przemyska.pl\/?page_id=3273"},"modified":"2024-08-27T08:38:01","modified_gmt":"2024-08-27T06:38:01","slug":"zapytanie-ofertowe-nr-1-2024","status":"publish","type":"page","link":"https:\/\/jedlicze.przemyska.pl\/index.php\/zapytanie-ofertowe-nr-1-2024\/","title":{"rendered":"Zapytanie ofertowe nr 1\/2024 informacja z otwarcia ofert i wyb\u00f3r oferty"},"content":{"rendered":"<p>Parafia Rzymskokatolicka pw. \u015awi\u0119tego Antoniego w Jedliczu zaprasza do z\u0142o\u017cenia oferty dotycz\u0105cej zam\u00f3wienia na roboty budowlane w ramach zadania pn. \u201eW<em>ymiana pokrycia dachowego oraz remont element\u00f3w konstrukcyjnych wi\u0119\u017aby dachowej ko\u015bcio\u0142a parafialnego w Jedliczu\u201d.<\/em><\/p>\n<p>Przedmiotem zam\u00f3wienia jest <strong>Wymiana pokrycia dachowego oraz remont element\u00f3w konstrukcyjnych wi\u0119\u017aby dachowej ko\u015bcio\u0142a parafialnego w Jedliczu.<\/strong><\/p>\n<p><strong>Zadanie inwestycyjne dofinansowane jest ze \u015brodk\u00f3w Programu Rz\u0105dowy Fundusz Polski \u0141ad: Program Odbudowy Zabytk\u00f3w.<\/strong><\/p>\n<p><strong>Szczeg\u00f3\u0142y dotycz\u0105ce zapytania ofertowego zosta\u0142y zawarte w tre\u015bci zapytania ofertowego oraz za\u0142\u0105cznik\u00f3w do niniejszego zapytania.<\/strong><\/p>\n<ul>\n<li><a href=\"https:\/\/jedlicze.przemyska.pl\/wp-content\/uploads\/2024\/07\/Zapytanie-ofertowe-.pdf\">Zapytanie ofertowe<\/a><\/li>\n<li><a href=\"https:\/\/jedlicze.przemyska.pl\/wp-content\/uploads\/2024\/07\/Zalacznik-nr-1-Oferta.docx\">Za\u0142\u0105cznik nr 1 Oferta<\/a><\/li>\n<li><a href=\"https:\/\/jedlicze.przemyska.pl\/wp-content\/uploads\/2024\/07\/Zalacznik-nr-2-wykaz-robot-.docx\">Za\u0142\u0105cznik nr 2 wykaz rob\u00f3t<\/a><\/li>\n<li><a href=\"https:\/\/jedlicze.przemyska.pl\/wp-content\/uploads\/2024\/07\/Zalacznik-nr-3-wykaz-osob-.docx\">Za\u0142\u0105cznik nr 3 wykaz os\u00f3b<\/a><\/li>\n<li><a href=\"https:\/\/jedlicze.przemyska.pl\/wp-content\/uploads\/2024\/07\/Zalacznik-nr-4_Umowa_projekt-.docx\">Za\u0142\u0105cznik nr 4_Umowa_projekt<\/a><\/li>\n<li><a href=\"https:\/\/jedlicze.przemyska.pl\/wp-content\/uploads\/2024\/07\/Zalacznik-nr-5-_-dokumentacja-projektowa.zip\">Za\u0142acznik nr 5 _ dokumentacja projektowa<\/a>\n<p style=\"text-align: center;\">&nbsp;<\/p>\n<\/li>\n<\/ul>\n<p><center><strong>RZ\u0104DOWY PROGRAM ODBUDOWY ZABYTK\u00d3W<\/strong><\/center>&nbsp;<\/p>\n<div><center><img loading=\"lazy\" class=\"alignnone size-full wp-image-3269\" src=\"https:\/\/jedlicze.przemyska.pl\/wp-content\/uploads\/2024\/07\/BGK.png\" alt=\"\" width=\"76\" height=\"56\"> &nbsp;&nbsp;<img loading=\"lazy\" class=\"alignnone size-full wp-image-3270\" src=\"https:\/\/jedlicze.przemyska.pl\/wp-content\/uploads\/2024\/07\/PolskiLad.png\" alt=\"\" width=\"149\" height=\"54\"><\/center><\/div>\n<p><center><\/center><center><a href=\"https:\/\/jedlicze.przemyska.pl\/wp-content\/uploads\/2024\/08\/oferty.jpg\"><img loading=\"lazy\" class=\"alignnone size-large wp-image-3324\" src=\"https:\/\/jedlicze.przemyska.pl\/wp-content\/uploads\/2024\/08\/oferty-743x1024.jpg\" alt=\"\" width=\"743\" height=\"1024\" srcset=\"https:\/\/jedlicze.przemyska.pl\/wp-content\/uploads\/2024\/08\/oferty-743x1024.jpg 743w, https:\/\/jedlicze.przemyska.pl\/wp-content\/uploads\/2024\/08\/oferty-218x300.jpg 218w, https:\/\/jedlicze.przemyska.pl\/wp-content\/uploads\/2024\/08\/oferty-768x1058.jpg 768w, https:\/\/jedlicze.przemyska.pl\/wp-content\/uploads\/2024\/08\/oferty-830x1143.jpg 830w, https:\/\/jedlicze.przemyska.pl\/wp-content\/uploads\/2024\/08\/oferty-230x317.jpg 230w, https:\/\/jedlicze.przemyska.pl\/wp-content\/uploads\/2024\/08\/oferty-350x482.jpg 350w, https:\/\/jedlicze.przemyska.pl\/wp-content\/uploads\/2024\/08\/oferty-480x661.jpg 480w, https:\/\/jedlicze.przemyska.pl\/wp-content\/uploads\/2024\/08\/oferty.jpg 848w\" sizes=\"(max-width: 743px) 100vw, 743px\" \/><\/a><\/center><center><a href=\"https:\/\/jedlicze.przemyska.pl\/wp-content\/uploads\/2024\/08\/rozstrzygniecie-1-scaled.jpg\"><img loading=\"lazy\" class=\"alignnone size-large wp-image-3355\" src=\"https:\/\/jedlicze.przemyska.pl\/wp-content\/uploads\/2024\/08\/rozstrzygniecie-1-717x1024.jpg\" alt=\"\" width=\"717\" height=\"1024\" srcset=\"https:\/\/jedlicze.przemyska.pl\/wp-content\/uploads\/2024\/08\/rozstrzygniecie-1-717x1024.jpg 717w, https:\/\/jedlicze.przemyska.pl\/wp-content\/uploads\/2024\/08\/rozstrzygniecie-1-210x300.jpg 210w, https:\/\/jedlicze.przemyska.pl\/wp-content\/uploads\/2024\/08\/rozstrzygniecie-1-768x1097.jpg 768w, https:\/\/jedlicze.przemyska.pl\/wp-content\/uploads\/2024\/08\/rozstrzygniecie-1-1076x1536.jpg 1076w, https:\/\/jedlicze.przemyska.pl\/wp-content\/uploads\/2024\/08\/rozstrzygniecie-1-1434x2048.jpg 1434w, https:\/\/jedlicze.przemyska.pl\/wp-content\/uploads\/2024\/08\/rozstrzygniecie-1-830x1185.jpg 830w, https:\/\/jedlicze.przemyska.pl\/wp-content\/uploads\/2024\/08\/rozstrzygniecie-1-230x328.jpg 230w, https:\/\/jedlicze.przemyska.pl\/wp-content\/uploads\/2024\/08\/rozstrzygniecie-1-350x500.jpg 350w, https:\/\/jedlicze.przemyska.pl\/wp-content\/uploads\/2024\/08\/rozstrzygniecie-1-480x686.jpg 480w, https:\/\/jedlicze.przemyska.pl\/wp-content\/uploads\/2024\/08\/rozstrzygniecie-1-scaled.jpg 1793w\" sizes=\"(max-width: 717px) 100vw, 717px\" \/><\/a><\/center><\/p>\n","protected":false},"excerpt":{"rendered":"<p>Parafia Rzymskokatolicka pw. \u015awi\u0119tego Antoniego w Jedliczu zaprasza do z\u0142o\u017cenia oferty dotycz\u0105cej zam\u00f3wienia na roboty budowlane w ramach zadania pn. \u201eWymiana pokrycia dachowego oraz remont element\u00f3w konstrukcyjnych wi\u0119\u017aby dachowej ko\u015bcio\u0142a parafialnego w Jedliczu\u201d. Przedmiotem zam\u00f3wienia jest Wymiana pokrycia dachowego oraz remont element\u00f3w konstrukcyjnych wi\u0119\u017aby dachowej ko\u015bcio\u0142a parafialnego w Jedliczu. Zadanie inwestycyjne dofinansowane jest ze \u015brodk\u00f3w [&hellip;]<\/p>\n","protected":false},"author":1,"featured_media":0,"parent":0,"menu_order":0,"comment_status":"closed","ping_status":"closed","template":"","meta":{"ngg_post_thumbnail":0},"_links":{"self":[{"href":"https:\/\/jedlicze.przemyska.pl\/index.php\/wp-json\/wp\/v2\/pages\/3273"}],"collection":[{"href":"https:\/\/jedlicze.przemyska.pl\/index.php\/wp-json\/wp\/v2\/pages"}],"about":[{"href":"https:\/\/jedlicze.przemyska.pl\/index.php\/wp-json\/wp\/v2\/types\/page"}],"author":[{"embeddable":true,"href":"https:\/\/jedlicze.przemyska.pl\/index.php\/wp-json\/wp\/v2\/users\/1"}],"replies":[{"embeddable":true,"href":"https:\/\/jedlicze.przemyska.pl\/index.php\/wp-json\/wp\/v2\/comments?post=3273"}],"version-history":[{"count":12,"href":"https:\/\/jedlicze.przemyska.pl\/index.php\/wp-json\/wp\/v2\/pages\/3273\/revisions"}],"predecessor-version":[{"id":3356,"href":"https:\/\/jedlicze.przemyska.pl\/index.php\/wp-json\/wp\/v2\/pages\/3273\/revisions\/3356"}],"wp:attachment":[{"href":"https:\/\/jedlicze.przemyska.pl\/index.php\/wp-json\/wp\/v2\/media?parent=3273"}],"curies":[{"name":"wp","href":"https:\/\/api.w.org\/{rel}","templated":true}]}}